67171 a multiple of 184?
False
Is 13 a factor of 64509?
False
Is 8880 a multiple of 10?
True
Is 11 a factor of 48153?
False
Is 24150 a multiple of 23?
True
Is 105966 a multiple of 406?
True
Does 19 divide 802465?
True
Is 36 a factor of 762420?
False
Is 461049 a multiple of 939?
True
Does 330 divide 3264397?
False
Is 21 a factor of 13987?
False
Is 22601879 a multiple of 15?
False
Is 2877443 a multiple of 155?
False
Is 626 a factor of 14197054?
True
Is 72546 a multiple of 11?
False
Is 351477 a multiple of 40?
False
Is 1115309 a multiple of 7?
False
Is 192 a factor of 1295040?
True
Is 159 a factor of 945255?
True
Is 11 a factor of 44539?
True
Does 11 divide 15263289?
False
Does 109 divide 136885?
False
Is 47975 a multiple of 9?
False
Is 8 a factor of 48514?
False
Does 48 divide 362544?
True
Is 137327 a multiple of 89?
True
Is 283 a factor of 3300629?
True
Does 7 divide 614350?
False
Is 376635 a multiple of 255?
True
Does 104 divide 981552?
True
Does 15 divide 15174594?
False
Does 80 divide 1294320?
True
Is 43 a factor of 2642909?
True
Is 4546890 a multiple of 17?
False
Is 72 a factor of 74762?
False
Is 3446108 a multiple of 141?
False
Is 430621 a multiple of 23?
False
Does 9 divide 1436899?
False
Is 799 a factor of 18955476?
True
Is 251912 a multiple of 5?
False
Does 28 divide 1210797?
False
Does 72 divide 5463669?
False
Is 4 a factor of 3015364?
True
Is 1202484 a multiple of 23?
False
Does 19 divide 6566628?
True
Does 1223 divide 956444?
False
Does 8 divide 315688?
True
Does 207 divide 2717703?
True
Is 253 a factor of 2100527?
False
Is 277 a factor of 1474174?
False
Is 949068 a multiple of 2?
True
Does 74 divide 174788?
True
Is 2 a factor of 12207?
False
Is 10 a factor of 294979?
False
Does 44 divide 3225186?
False
Is 116423 a multiple of 17?
False
Is 580168 a multiple of 94?
True
Is 332030 a multiple of 10?
True
Is 4101968 a multiple of 2132?
True
Is 23 a factor of 69236?
False
Is 3194980 a multiple of 170?
True
Is 100 a factor of 209754?
False
Is 172 a factor of 197800?
True
Is 5 a factor of 226406?
False
Is 1252370 a multiple of 521?
False
Does 326 divide 1952635?
False
Does 26 divide 850326?
False
Is 1244705 a multiple of 53?
True
Is 16 a factor of 9344?
True
Does 116 divide 518682?
False
Does 22 divide 664730?
True
Is 11 a factor of 272528?
False
Is 756138 a multiple of 30?
False
Is 53 a factor of 1205909?
True
Is 473315 a multiple of 16?
False
Is 14 a factor of 1497678?
True
Is 541033 a multiple of 133?
False
Is 86 a factor of 9141284?
True
Is 2055162 a multiple of 470?
False
Is 511 a factor of 8542774?
False
Is 60480 a multiple of 22?
False
Does 21 divide 3799194?
True
Is 334611 a multiple of 153?
True
Is 209484 a multiple of 132?
True
Does 4 divide 7789860?
True
Is 737812 a multiple of 3?
False
Is 1138449 a multiple of 21?
False
Is 309 a factor of 309335?
False
Is 64165 a multiple of 246?
False
Is 725025 a multiple of 175?
True
Does 199 divide 22666697?
True
Is 2 a factor of 12174?
True
Is 8 a factor of 360307?
False
Is 10 a factor of 158524?
False
Is 15432848 a multiple of 1592?
True
Is 1079 a factor of 10277475?
True
Is 12 a factor of 18994734?
False
Is 43 a factor of 4424829?
True
Does 15 divide 83821?
False
Does 15 divide 2925735?
True
Does 29 divide 4229824?
True
Is 6 a factor of 594630?
True
Does 241 divide 5431539?
False
Is 733107 a multiple of 35?
False
Is 846 a factor of 216576?
True
Is 79 a factor of 990611?
False
Is 450144 a multiple of 216?
True
Does 7 divide 27367?
False
Does 7 divide 85840?
False
Is 15 a factor of 15359?
False
Is 1741122 a multiple of 57?
True
Is 8 a factor of 193992?
True
Is 560041 a multiple of 129?
False
Is 48 a factor of 1651536?
True
Is 2016780 a multiple of 15?
True
Is 23174 even?
True
Does 11 divide 227395?
False
Is 14139310 a multiple of 27?
False
Is 609102 a multiple of 13?
True
Is 179490 a multiple of 386?
True
Does 151 divide 574576?
False
Is 7 a factor of 29414?
True
Does 52 divide 9727380?
True
Does 16 divide 11293376?
True
Is 156 a factor of 104134?
False
Is 1469760 a multiple of 32?
True
Does 10 divide 363450?
True
Is 4284 a multiple of 12?
True
Is 166 a factor of 914494?
True
Is 6387192 a multiple of 28?
True
Does 8 divide 2016880?
True
Is 250527 a multiple of 89?
False
Is 70 a factor of 1778630?
True
Does 40 divide 182760?
True
Is 58 a factor of 1255468?
True
Does 15 divide 2407485?
True
Is 90 a factor of 37980?
True
Is 122 a factor of 1211144?
False
Does 17 divide 167321?
False
Is 5 a factor of 332830?
True
Is 16 a factor of 73855?
False
Does 91 divide 17112550?
True
Is 9 a factor of 241155?
True
Does 22 divide 339613?
False
Is 2 a factor of 4638?
True
Does 70 divide 8028440?
True
Is 1637 a factor of 1467800?
False
Is 73 a factor of 286831?
False
Is 22 a factor of 162030?
True
Is 1256206 a multiple of 24?
False
Is 16367 a multiple of 2?
False
Does 1495 divide 3013497?
False
Is 10 a factor of 4797806?
False
Does 15 divide 205605?
True
Is 34 a factor of 9792?
True
Is 351983 a multiple of 74?
False
Is 596032 a multiple of 294?
False
Is 1338246 a multiple of 42?
True
Does 27 divide 3505977?
True
Is 353232 a multiple of 223?
True
Is 17460371 a multiple of 9?
False
Is 26 a factor of 127043?
False
Is 9166944 a multiple of 1602?
False
Does 3 divide 559131?
True
Is 332100 a multiple of 324?
True
Does 7 divide 62524?
True
Is 347290 a multiple of 132?
False
Is 3664741 a multiple of 17?
True
Is 6396 a multiple of 123?
True
Is 17 a factor of 17595867?
True
Does 32 divide 776800?
True
Is 145 a factor of 617483?
False
Is 2356985 a multiple of 25?
False
Is 65 a factor of 79354?
False
Is 1487563 a multiple of 19?
False
Is 678854 a multiple of 22?
True
Is 7 a factor of 859957?
True
Does 12 divide 3325989?
False
Is 23 a factor of 1888323?
True
Is 2395710 a multiple of 95?
True
Does 430 divide 243014?
False
Is 374 a factor of 1032655?
False
Does 228 divide 1473879?
False
Is 8410002 a multiple of 123?
True
Does 1891 divide 5721618?
False
Is 347 a factor of 226591?
True
Does 4 divide 509948?
True
Is 5 a factor of 41637?
False
Does 323 divide 2146605?
False
Is 55 a factor of 70510?
True
Does 176 divide 1037943?
False
Is 284573 a multiple of 40?
False
Does 8 divide 8748?
False
Is 11245 a multiple of 173?
True
Is 41446 a multiple of 23?
True
Is 746 a factor of 110408?
True
Is 23 a factor of 3633287?
True
Is 14 a factor of 1006824?
True
Is 2117 a multiple of 318?
False
Is 11 a factor of 20482?
True
Does 5 divide 1331725?
True
Is 10 a factor of 3960?
True
Does 532 divide 74220?
False
Is 29 a factor of 1633483?
True
Is 339068 a multiple of 58?
True
Does 6 divide 148336?
False
Is 787296 a multiple of 12?
True
Is 109 a factor of 654109?
True
Is 30 a factor of 702563?
False
Is 294 a factor of 478748?
False
Is 47051 a multiple of 37?
False
Does 158 divide 17065422?
True
Is 1066491 a multiple of 71?
True
Is 231 a factor of 6950753?
False
Is 199574 a multiple of 355?
False
Is 491 a factor of 209166?
True
Does 4 divide 1457727?
False
Does 90 divide 797130?
True
Is 1293 a factor of 884412?
True
Is 1075000 a multiple of 10?
True
Is 127969 a multiple of 54?
False
Does 14 divide 6219694?
False
Is 7507 a multiple of 2?
False
Is 104 a factor of 3453008?
True
Does 13 divide 4655053?
True
Is 363168 a multiple of 40?
False
Is 62 a factor of 22861?
False
Is 119258 a multiple of 33?
False
Does 10 divide 647400?
True
Does 23 divide 2374497?
True
Is 63 a factor of 7300944?
True
Is 10895330 a multiple of 1270?
True
Is 115 a factor of 9084885?
True
Does 41 divide 2290010?
False
Is 43 a factor of 15005?
False
Does 23 divide 2942460?
False
Does 330 divide 1227270?
True
Is 57612 a multiple of 4?
True
Is 232485 a multiple of 3?
True
Does 317 divide 4862780?
True
Is 2661843 a multiple of 234?
False
Is 56 a factor of 324352?
True
Does 558 divide 9494018?
False
Does 13 divide 14354?
False
Does 141 divide 18579711?
True
Is 2731109 a multiple of 79?
True
Is 929022 a multiple of 31?
False
Does 13 divide 379914?
False
Is 203007 a multiple of 105?
False
Is 104 a factor of 451887?
False
Does 18 divide 361332?
True
Is 164 a factor of 605652?
True
Is 24 a factor of 3872?
False
Is 177840 a multiple of 45?
True
Is 40 a factor of 80160?
True
Is 381090 a multiple of 5?
True
Is 70 a factor of 241621?
False
Is 486 a factor of 22842?
True
Is 64865 even?
F